i(-1). Let q(o) = o + b + m + 0*o. Calculate q(-6).
0
Let g = 0 + 4. Suppose g*t = 10 - 2. Let n(o) = -4 + 3*o + 5 + 0 - 3 + t*o**2. Determine n(-3).
7
Let a(v) = 2*v**2 - 16*v - 34. Let f be a(10). Let p(n) = -3 + n**2 - 4*n - 3 + 0*n**2. Determine p(f).
6
Let o(c) = -c - 1. Let v = 1 - -3. Suppose 14 - 34 = -v*s. Let y = s + -7. Determine o(y).
1
Let p(n) = -n + 1. Let q be p(-3). Let c(z) = -11*z + q*z + z. Determine c(1).
-6
Let a(n) be the first derivative of 2*n**3/3 + n**2/2 - 2*n - 20. Determine a(3).
19
Let o(s) = -3*s - 31. Let z be o(-11). Let k = 1 + 1. Let j(y) = 0*y**z - y**2 - 3 + k*y - 1 + 3. What is j(2)?
-1
Let j be (8/18)/((-4)/(-18)). Let g(u) = 2*u**3 - u**2 - 3*u + 1. Give g(j).
7
Let p = -39 - -46. Let y(f) = -f + 4. Give y(p).
-3
Let n(m) = 20*m**2 + m. Let q be n(1). Suppose 0 = -3*c - 0*c - 2*j + q, j = 3. Let r(g) = g**3 - 4*g**2 - 8*g + 6. Determine r(c).
-9
Let z(s) be the third derivative of -s**4/24 - s**3/6 - 27*s**2. What is z(-7)?
6
Let v(w) = 2*w**3 + 3*w**2 + 2*w + 3. Let d(l) = l**3 + 2*l**2 - l + 4. Let q(u) = -2*u + 1. Let x be q(2). Let k be d(x). Determine v(k).
-5
Let t(w) = -w + 3. Let h = -27 + 33. Calculate t(h).
-3
Let k(p) = 5*p. Let d(v) = -15*v**2 - 8*v + 5. Let x(j) = -7*j**2 - 4*j + 2. Let r(o) = -6*d(o) + 13*x(o). Let b be r(-3). What is k(b)?
-5
Let r(x) be the second derivative of x**3/6 - 4*x**2 + x - 4. Determine r(9).
1
Let k(h) = h**2 - 8*h - 1. Let w(m) = 6*m**2 + 1. Let q be w(1). What is k(q)?
-8
Let w(j) be the first derivative of -4*j**4 + j**3/3 + 1. Calculate w(-1).
17
Let o = 5 + -8. Let h(f) be the first derivative of -f**2/2 + 2. Determine h(o).
3
Let c be (15/5)/((-1)/(-5)). Let v = 10 - c. Let s(b) be the second derivative of -b**4/12 - 7*b**3/6 - 7*b**2/2 - 2*b. Give s(v).
3
Let r(d) = 0*d - d**2 - 1 - d + 3*d. Let h be ((-2)/(-7))/(2/14). What is r(h)?
-1
Let a = -5 - -3. Let g(n) be the second derivative of -2*n - 1/2*n**2 + 1/3*n**3 + 0. Calculate g(a).
-5
Let k(f) be the second derivative of f**5/60 + f**4/8 + f**3/6 - 6*f. Let s(z) be the second derivative of k(z). Suppose 2 = -2*m - 2. Give s(m).
-1
Let r(n) be the third derivative of -n**6/120 + n**5/15 + n**4/8 - n**3 - 10*n**2. Calculate r(4).
6
Let d(w) = -w**3 - 3*w**2 + 5*w + 10. Let f(b) = -b**2 - b - 1. Let n(a) = -d(a) - 5*f(a). Give n(-8).
-5
Let a(h) = h**3 - 3*h**2 + 3. Let c(k) = -k**2 + 5*k + 6. Let i be c(7). Let p = -5 - i. Give a(p).
3
Suppose 43 = 4*m - 77. Suppose -2*a + 3*d = -5, -5*a - 5*d + 4*d - m = 0. Let u(c) = c**3 + 6*c**2 + 6*c + 3. Give u(a).
-2
Suppose -5*f + g = -2*g - 25, 4*g - 5 = -f. Suppose 0 = 2*v + f*b, 4*v - 6*b = -b. Let z(y) = -y + 2. Determine z(v).
2
Let y(w) = w**2 + 120*w - 120*w - 2. Give y(-3).
7
Let f(i) be the third derivative of i**7/315 - i**6/720 + i**5/120 - 5*i**4/24 + 4*i**2. Let g(t) be the second derivative of f(t). Calculate g(1).
8
Let r = 3 + -4. Let h(v) = -10*v**2 - 2*v - 1. What is h(r)?
-9
Let m(r) = -3*r**2 - 5. Let i(c) = -4*c**2 + c - 6. Let h(s) = s + 2. Let b be h(-4). Let p(d) = b*i(d) + 3*m(d). What is p(-2)?
-3
Let y(b) be the third derivative of b**6/720 - b**4/8 + 6*b**2. Let a(n) be the second derivative of y(n). Give a(-4).
-4
Let d = 0 + -8. Let c = d + 35. Let a be 114/(-27) - (-6)/c. Let x(j) = j**3 + 5*j**2 + 5*j + 6. Determine x(a).
2
Let a(d) = -d**2 + 5*d + 1. Let f = -3 - -3. Suppose f = -2*g + 7*g. Suppose -2*z + 10 = -g*z. What is a(z)?
1
Let a = 4 + -4. Let q be 1*(a - (-3 - -1)). Let h(c) = 5*c**2 + 1 + 2*c + 6*c**2 - 4*c**q. Give h(-1).
6
Let o(n) be the second derivative of -3*n**3/2 - n**2/2 - 3*n. Calculate o(2).
-19
Let z(k) = k**3 + k - 1. Let s(g) = -3*g**3 - 5*g + 4. Let m(r) = s(r) + 5*z(r). What is m(-1)?
-3
Suppose 0 = -z + 4*g + 18 - 0, -z = -2*g - 10. Let w(s) = -z*s**3 - 5*s + 2 + 3*s**3 + 4*s + 2*s**2. Suppose 0 = -5*i + 5 - 15. Give w(i).
4
Suppose 2*q + 14 = -5*k, -q - q + 22 = -4*k. Let c(u) be the second derivative of -q*u + 1/3*u**3 + 0 - u**2. What is c(5)?
8
Let z(j) be the third derivative of -j**6/60 + 39*j**2. Calculate z(-1).
2
Let l(w) be the third derivative of -w**6/120 + 7*w**5/60 + w**4/24 - 4*w**3/3 + 6*w**2. Calculate l(7).
-1
Suppose 2*y - 1 = y - u, 3*u = y - 5. Suppose -1 - 1 = -y*o. Let f(m) = 2*m - 1. Give f(o).
1
Let y(i) = 6*i**2 - 3 + i**3 + i**2 - 5*i + 0*i. Let h(z) = z**3 + 6*z**2 - 4*z - 2. Let f(w) = 6*h(w) - 5*y(w). Suppose -7*a = -2*a. What is f(a)?
3
Suppose o + 7*u - 2 = 3*u, -4*o - 4*u - 16 = 0. Let n(i) = -2*i - 9. Determine n(o).
3
Suppose q + 3*q - 16 = 0. Let v(x) be the first derivative of -2*x - 4*x + 3 + q*x + 4*x**2 + 3*x. Calculate v(-1).
-7
Let g be ((-2)/(-4))/(11/22). Let y(t) = -g + t + 4*t + 0*t. What is y(1)?
4
Let g(w) = -70 + w + 29 + 33. Determine g(0).
-8
Let q(p) be the third derivative of p**6/120 - p**5/10 + 7*p**4/24 - 5*p**3/6 + 13*p**2 - p. Determine q(4).
-9
Let b(s) be the third derivative of 1/360*s**6 + 0*s - 1/120*s**5 + 2*s**2 + 1/6*s**3 + 0 + 1/24*s**4. Let z(l) be the first derivative of b(l). Determine z(3).
7
Let d(y) = -y**2 - 8*y - 5. Let x be d(-7). Let t = 0 + 2. Suppose -t*z - x = -z. Let j(k) = -k - 1. What is j(z)?
1
Let z(r) = -12*r**2 + 2*r + 1. Let f = -17 - -16. Determine z(f).
-13
Let n = 5 - 8. Let l be 15/(-9)*n - 3. Let j(i) = -1 - i - 1 + i**2 + 0*i**2 - 2*i**l. Give j(0).
-2
Let b(c) be the third derivative of c**7/2520 + c**6/120 + 7*c**5/60 + 6*c**2. Let a(v) be the third derivative of b(v). Determine a(-6).
-6
Let j = -2 + -1. Let d = -6 - -6. Let f(i) = 2 - 1 - 2 + i + d. What is f(j)?
-4
Let z(q) = -4*q**2 + 12*q - 3. Let m(h) = 9*h**2 - 25*h + 7. Let y(v) = -6*m(v) - 13*z(v). What is y(-4)?
-11
Let h(s) be the second derivative of 1/120*s**6 + 1/20*s**5 - s + s**2 + 1/6*s**4 + 1/3*s**3 + 0. Let q(m) be the first derivative of h(m). Give q(-2).
-2
Let a be 32/8*(1 + (-3)/12). Let d(q) = q. Determine d(a).
3
Let d be 6/2 - (1 + -1). Let b = 5 - d. Let s(t) be the second derivative of t**4/12 - 2*t**3/3 + 4*t. Give s(b).
-4
Suppose x = -0*x. Let z(b) be the second derivative of -b**3/6 + b**2/2 - b. Give z(x).
1
Let y be (-1 + 2)/(-3 - (-44)/14). Let r(l) = -l**3 + 6*l**2 + 7*l - 8. Give r(y).
-8
Let r be 1/(4/(-16)) - -8. Let m(b) = -2*b + 2. What is m(r)?
-6
Let k(z) = z**2 - 3*z + 0*z + 2*z. Let o = 10 - 7. What is k(o)?
6
Let q(a) be the second derivative of -a**7/840 + a**6/120 - a**5/60 + a**4/24 + 2*a**3/3 + 2*a. Let s(t) be the second derivative of q(t). Give s(3).
-5
Suppose 5*c - 4*a = -15, -7*c + 3*c - 12 = -5*a. Let o(i) = i**2 + 2*i - 2. What is o(c)?
1
Let j = -17 - -23. Let h(g) = g**3 - 7*g**2 + 6*g + 7. Calculate h(j).
7
Let b(z) be the third derivative of z**4/8 - z**3/6 + 16*z**2. Give b(-1).
-4
Let i(a) = 2*a - 14. Let o(b) = -1. Let f(l) = -i(l) + 12*o(l). Let r be -1 + 5/((-15)/(-12)). Suppose 4*t - 2 = r*t. Give f(t).
-2
Suppose p = -2*p. Suppose 2*h - 4*h + 8 = p. Let n(g) be the second derivative of -g**5/20 + g**4/3 - g**3/3 + g**2/2 - 7*g. Give n(h).
-7
Let v(q) = 7*q**2 - 1 - 8*q**2 - q**2 - 2 + 5*q. Give v(3).
-6
Let x(z) = -6*z - 876 + 1749 + z**3 + 3*z**2 - 878. Let q(h) = -h**2 + 5*h + 2. Let n be q(6). What is x(n)?
3
Let o(b) = b**2 - b - 4. Suppose -4*t = -3*r + 3 - 2, 0 = -5*t + 2*r + 4. Suppose v + t*y + 2 = 0, -5*v + 4 - 2 = -2*y. Calculate o(v).
-4
Let d(c) = c**2 - 2*c - 6*c + 5*c + 2*c. Determine d(2).
2
Let k(y) be the first derivative of 1 + 1/3*y**3 + y - y**2. Let s be 4/12 - 16/(-6). Determine k(s).
4
Let d(t) be the first derivative of t**3/3 - 9*t**2/2 + 5*t + 26. Calculate d(8).
-3
Let d(m) be the second derivative of -m**4/12 - m**3/2 - 3*m**2/2 + 3*m. What is d(-3)?
-3
Let m(k) be the third derivative of -k**8/20160 + k**7/840 - k**6/240 + k**5/20 + k**2. Let h(i) be the third derivative of m(i). Let s = 0 + 4. Calculate h(s).
5
Let j be 3/((-18)/(-4) + -3). Let t(l) = -l**2 - l + 1. Calculate t(j).
-5
Let n = 18 + -11. Let u(w) = 4*w - 1 + n*w - w + 0. What is u(1)?
9
Suppose -3*w - 11 = -2*w. Let u(o) = 16*o**2 - o + 1. Let k be u(1). Let g = k + w. Let n(q) = -q**2 + 6*q + 1. What is n(g)?
6
Let a(m) = -4 - 2*m + 2*m + m - 4*m. Let c be a(-2). Let b(w) = -5*w - 2. Determine b(c).
-12
Let l(d) be the third derivative of -d**6/120 + d**5/20 - d**4/12 + 2*d**3/3 - 14*d**2. 